is the hundreds digit of 17057746?
7
What is the tens digit of 3367538?
3
What is the hundreds digit of 139802?
8
What is the units digit of 7103339?
9
What is the units digit of 829237?
7
What is the thousands digit of 83602?
3
What is the hundred thousands digit of 390350?
3
What is the units digit of 2860534?
4
What is the hundred thousands digit of 17875805?
8
What is the hundreds digit of 609383?
3
What is the thousands digit of 4325728?
5
What is the hundred thousands digit of 300496?
3
What is the tens digit of 1243531?
3
What is the hundreds digit of 252016?
0
What is the hundred thousands digit of 161294?
1
What is the millions digit of 35018094?
5
What is the hundred thousands digit of 1556264?
5
What is the tens digit of 20905003?
0
What is the tens digit of 5257227?
2
What is the thousands digit of 36884?
6
What is the hundred thousands digit of 9552095?
5
What is the units digit of 76237?
7
What is the hundred thousands digit of 2516745?
5
What is the hundreds digit of 113388?
3
What is the millions digit of 10993400?
0
What is the tens digit of 154444?
4
What is the hundreds digit of 39319?
3
What is the hundred thousands digit of 690841?
6
What is the thousands digit of 5401987?
1
What is the hundreds digit of 1246584?
5
What is the ten thousands digit of 2591847?
9
What is the hundreds digit of 1971054?
0
What is the units digit of 6498265?
5
What is the hundreds digit of 868277?
2
What is the thousands digit of 3176947?
6
What is the hundred thousands digit of 106467?
1
What is the ten thousands digit of 4129313?
2
What is the tens digit of 399021?
2
What is the hundreds digit of 6420835?
8
What is the units digit of 11254365?
5
What is the tens digit of 118895?
9
What is the ten thousands digit of 2047205?
4
What is the units digit of 11300662?
2
What is the thousands digit of 1182365?
2
What is the tens digit of 21202?
0
What is the units digit of 13130727?
7
What is the hundreds digit of 1157487?
4
What is the hundreds digit of 63053?
0
What is the hundreds digit of 28618140?
1
What is the hundreds digit of 248772?
7
What is the tens digit of 2215452?
5
What is the units digit of 61250?
0
What is the units digit of 48697?
7
What is the tens digit of 3601387?
8
What is the hundred thousands digit of 3871125?
8
What is the ten thousands digit of 2467053?
6
What is the ten thousands digit of 2240088?
4
What is the millions digit of 13386931?
3
What is the thousands digit of 665317?
5
What is the tens digit of 7124474?
7
What is the thousands digit of 9500234?
0
What is the thousands digit of 2011551?
1
What is the thousands digit of 7827375?
7
What is the units digit of 16341471?
1
What is the hundred thousands digit of 24947845?
9
What is the hundreds digit of 181839?
8
What is the hundred thousands digit of 8578560?
5
What is the thousands digit of 119224?
9
What is the thousands digit of 15973811?
3
What is the tens digit of 66612?
1
What is the hundreds digit of 4300056?
0
What is the tens digit of 71020?
2
What is the hundred thousands digit of 5063278?
0
What is the hundred thousands digit of 430564?
4
What is the hundreds digit of 24350138?
1
What is the units digit of 12873267?
7
What is the millions digit of 10616906?
0
What is the tens digit of 1418588?
8
What is the hundreds digit of 8260657?
6
What is the tens digit of 3296797?
9
What is the hundreds digit of 638016?
0
What is the hundreds digit of 619222?
2
What is the hundred thousands digit of 1726363?
7
What is the thousands digit of 4500356?
0
What is the tens digit of 37617321?
2
What is the tens digit of 3467969?
6
What is the units digit of 927530?
0
What is the millions digit of 13810232?
3
What is the units digit of 18676?
6
What is the thousands digit of 187168?
7
What is the tens digit of 5264751?
5
What is the thousands digit of 564732?
4
What is the thousands digit of 44058?
4
What is the hundred thousands digit of 1742755?
7
What is the units digit of 1425412?
2
What is the millions digit of 1671383?
1
What is the hundred thousands digit of 279758?
2
What is the hundreds digit of 277153?
1
What is the tens digit of 6006827?
2
What is the hundreds digit of 925762?
7
What is the millions digit of 3006925?
3
What is the tens digit of 1833727?
2
What is the tens digit of 1315013?
1
What is the hundreds digit of 3689836?
8
What is the millions digit of 7557805?
7
What is the thousands digit of 155742?
5
What is the hundreds digit of 6748243?
2
What is the units digit of 73445?
5
What is the ten thousands digit of 8396330?
9
What is the ten thousands digit of 1171611?
7
What is the tens digit of 552873?
7
What is the ten thousands digit of 1742738?
4
What is the thousands digit of 1081898?
1
What is the hundred thousands digit of 884832?
8
What is the tens digit of 930727?
2
What is the tens digit of 508496?
9
What is the hundreds digit of 2930316?
3
What is the millions digit of 9513484?
9
What is the ten thousands digit of 7640819?
4
What is the units digit of 147369?
9
What is the tens digit of 9400?
0
What is the hundreds digit of 43008?
0
What is the hundred thousands digit of 2692407?
6
What is the hundred thousands digit of 2633792?
6
What is the millions digit of 5095814?
5
What is the tens digit of 2095504?
0
What is the tens digit of 11225100?
0
What is the hundred thousands digit of 196962?
1
What is the ten thousands digit of 2321263?
2
What is the thousands digit of 325994?
5
What is the thousands digit of 7063703?
3
What is the tens digit of 747816?
1
What is the units digit of 226526?
6
What is the millions digit of 11835031?
1
What is the hundreds digit of 2531362?
3
What is the thousands digit of 8982613?
2
What is the hundreds digit of 1452815?
8
What is the ten thousands digit of 959484?
5
What is the hundred thousands digit of 3406467?
4
What is the hundreds digit of 169030?
0
What is the units digit of 878936?
6
What is the thousands digit of 463262?
3
What is the millions digit of 7590750?
7
What is the hundred thousands digit of 121896?
1
What is the ten thousands digit of 922534?
2
What is the thousands digit of 2353168?
3
What is the ten thousands digit of 847865?
4
What is the units digit of 1701633?
3
What is the thousands digit of 998004?
8
What is the thousands digit of 3859452?
9
What is the hundreds digit of 468856?
8
What is the thousands digit of 191312?
1
What is the thousands digit of 4509665?
9
What is the hundred thousands digit of 11215495?
2
What is the tens digit of 2449559?
5
What is the thousands digit of 364986?
4
What is the tens digit of 585466?
6
What is the ten thousands digit of 3580556?
8
What is the hundreds digit of 11392008?
0
What is the units digit of 163092?
2
What is the tens digit of 112524?
2
What is the thousands digit of 3213869?
3
What is the hundreds digit of 8463735?
7
What is the ten thousands digit of 488975?
8
What is the tens digit of 2439550?
5
What is the units digit of 960769?
9
What is the ten thousands digit of 3275849?
7
What is the thousands digit of 169784?
9
What is the thousands digit of 135864?
5
What is the hundred thousands digit of 475275?
4
What is the hundred thousands digit of 854548?
8
What is the units digit of 148984?
4
What is the millions digit of 2974566?
2
What is the tens digit of 459113?
1
What is the hundred thousands digit of 1012704?
0
What is the tens digit of 6115507?
0
What is the hundred thousands digit of 8519553?
5
What is the ten thousands digit of 8096811?
9
What is the tens digit of 214206?
0
What is the millions digit of 4779629?
4
What is the units digit of 3543653?
3
What is the hundreds digit of 3990398?
3
What is the ten thousands digit of 928387?
2
What is the ten thousands digit of 316213?
1
What is the ten thousands digit of 371369?
7
What is the millions digit of 1122920?
1
What is the units digit of 808468?
8
What is the ten thousands digit of 392350?
9
What is the hundred thousands digit of 632796?
6
What is the millions digit of 4750613?
4
What is the units digit of 89395?
5
What is the tens digit of 171209?
0
What is the ten thousands digit of 200304?
0
What is the units digit of 1710581?
1
What is the tens digit of 1101685?
8
What is the hundreds digit of 470648?
6
What is the hundred thousands digit of 726390?
7
What is the units dig